- -10) - 13?
-8
What is -132 + 100 + 0 + 13 + 1 + -4?
-22
-28 + 21 - ((-4 - 1) + -12)
10
What is the value of (0 - 2) + (53 - 54) + (11 - 1)?
7
(8 - (1 - -16)) + -3
-12
What is the value of -10 + -9 + (2 - -33)?
16
Calculate (69 - 13) + -3 + -43.
10
What is the value of (4 - 4) + (-5 + 9 - 0)?
4
-7 - (-9 + 0) - 12
-10
Calculate (24 - 36) + 15 + 6.
9
What is 8 + -15 + -8 + (1 - (3 - -6))?
-23
1 - (17 + (-8 + 6 - 3)) - -2
-9
8 + (-4 - -2) + 4 + 0
10
What is the value of -237 + 222 + (44 - 2)?
27
Calculate 1 + 1 + (0 - -10 - (-21 - -36)).
-3
What is the value of -23 + 78 + -87 + -3 + (0 - -12)?
-23
28 + 3 + (2 - ((-6 - -6) + 5))
28
What is -13 - (8 - (1 - (8 - 23)))?
-5
What is the value of -1 + (6 - 14) + (25 - 4 - -3)?
15
Evaluate 3 - (11 + -4 - -14 - -3).
-21
-14 + 18 - (9 + -8)
3
What is the value of (-6 - -8) + 11 + -9 - (1 - 16)?
19
What is 6 + (10 - 2 - 0) + -8?
6
What is (-6 - -2) + (0 - (1 + (-1 - 1)))?
-3
Calculate (0 - 6 - (4 - (-17 - -31))) + 11.
15
What is (-45 - -47 - (-2 + 2 + 3)) + 5?
4
Evaluate -7 - ((49 - 51) + -1 + -1).
-3
(30 - 26) + -1 + -8 - -8
3
What is 17 + (-30 + -19 - -25)?
-7
What is the value of -11 - (-13 + -4 + 23 + 10)?
-27
What is -13 - (-7 + 9 + -2 + -9)?
-4
What is -2 + 4 - ((-1 + 9 - 22) + -4)?
20
What is 15 + (-5 - 11) + -19?
-20
What is 47 + (-11 - 4) - (1 - 0)?
31
-7 - -4 - (272 + -248)
-27
18 - (27 - (9 + 4))
4
18 + (16 + -17 + 9 - (0 + 13))
13
Calculate 0 + 29 - (-73 - -92).
10
Calculate -9 + 7 + 2 + (19 - 22) - -22.
19
Evaluate 5 + (9 + 2 - 3 - 3) + -6.
4
What is the value of 3 - 8 - -14 - (8 - -23 - 8)?
-14
(-12 - ((7 - 7) + -5)) + -4
-11
Calculate 10 + (-15 - 8) + 21.
8
Evaluate 19 + -43 + -9 + 54.
21
What is 5 + 0 + (5 - 18) - (-39 - 2)?
33
Evaluate 10 + -15 + (29 - (1 - -14)).
9
What is -9 + (7 - (-37 - -29))?
6
Calculate 8 + (-52 + 45 - (1 - 10)).
10
What is -23 + (-1 - (4 - (-1 + 12)))?
-17
What is the value of 43 + -13 + (-38 - -20)?
12
Calculate -1 + 10 - (229 - 202 - (-2 - 2)).
-22
Evaluate -8 + (19 - 7) + -2 + -4.
-2
What is -32 + -7 + 6 + (1 + 0 - -6)?
-26
Calculate -7 + 9 + 2 - ((-5 - 1) + -1).
11
Calculate -5 - (2 + -20 + (-9 - -16)).
6
Evaluate 5 + -35 + 23 + -5.
-12
Calculate -45 + 39 + (-2 - -8).
0
What is the value of 32 - 15 - (20 + -5)?
2
Calculate (14 - -8) + -8 - (58 - 57).
13
-3 + -19 - (-46 + 35)
-11
Evaluate -7 + (-15 - -4 - -5 - 2 - 0).
-15
Evaluate 19 - (-8 - -17 - -27).
-17
17 + 15 + -14 + -15
3
Calculate 11 + (-12 - (-7 - -3)) + 6.
9
(-9 + 2 - ((11 - 4) + -15)) + 12
13
Calculate -7 + -14 + 13 - (-9 + -1 - -5).
-3
What is -1 - 6 - (13 - (9 - -11))?
0
Evaluate (8 - (-11 + 6)) + 6 + -6.
13
Evaluate 1 + -17 + -18 + 26 - 4.
-12
-11 + 7 - (25 - 27)
-2
Evaluate -8 + (9 - 5) + 12 + 3.
11
Calculate 4 - (8 - (0 + 3) - (-71 + 81)).
9
Evaluate -4 + (0 - -17) + 8.
21
What is the value of 2 + (10 - (13 + -1) - -21) + 0?
21
-10 - ((4 - 4) + -2 + -1 - -8)
-15
(-9 - (3 - (-2 + 7))) + -224 + 227
-4
(16 - (0 + 2)) + 16 + -1 + -19
10
Evaluate -12 - -38 - 29 - (0 - -30 - 3).
-30
Evaluate -1 + (10 - 4) + -16.
-11
Evaluate -2 - 5 - (21 + -28).
0
1 - 10 - (40 + 7 + -40)
-16
Evaluate -1 - -7 - -1 - ((-3 - -23) + -24).
11
(3 - (2 - 5)) + (4 - -4)
14
What is the value of -7 + 2 + (7 - -8) - -11?
21
Evaluate (-7 - 4) + 18 + 7.
14
Evaluate 1 - (2 - -2) - (35 - 7 - 35).
4
What is the value of 57 + -53 + -1 + -6 + -5?
-8
18 - (-29 + (0 - -27))
20
What is the value of (-1052 - -1072) + (-49 - 0)?
-29
7 - ((11 - 10) + -1 + 4 + 6)
-3
21 + (0 - (18 - 8))
11
What is (5 - 8) + (-314 - -346)?
29
What is the value of -19 - (-17 - (9 - 3 - 17))?
-13
8 + -3 + 3 + -31 + (4 - -15)
-4
What is (-2 - -1 - -2) + 5 + 99 + -110?
-5
What is the value of -8 + 6 + 2 + 7 - 16?
-9
What is the value of -1 + -20 + 34 + -1 + -7?
5
Calculate -52 + 38 + 0 + 17.
3
-15 - 4 - ((-1 - -1) + (14 - 14))
-19
Calculate 1 + -2 + (7 - 5) - (-118 - -123).
-4
What is (-7 - (5 + (-6 - -3))) + -1 + -1?
-11
What is the value of -306 + 310 + (-3 - 0) + 0 + 26?
27
Calculate -1 + (2 - 29) + 19.
-9
What is the value of (2 - -8) + -7 + 8?
11
Evaluate -17 - (-17 + -6 + 14).
-8
Evaluate -31 + 20 + (-17 + 8 - 6).
-26
Calculate (16 - 4) + -11 + (-17 - -1) - 2.
-17
Calculate (17 - (11 + 11)) + (15 - -1).
11
What is 18 - (24 - (15 - -2))?
11
What is 12 - 24 - (-10 - -5)?
-7
What is 5 + (-8 - (4 + -5 + -2))?
0
-16 - -19 - (12 - 3)
-6
Calculate (11 - -1) + (14 + 37 - 46).
17
What is the value of -20 + (-3 - -2) - (-83 - (-147 + 74))?
-11
What is the value of -7 - -5 - ((-8 - -11) + -1 + -16)?
12
Evaluate 8 - (10 + 1 - (2 - -1)).
0
What is -4 + (-21 - -50) + -33?
-8
What is -16 + -1 - (-63 + 41 + 20)?
-15
What is -17 + (5 - -3) + (-6 - 4)?
-19
-6 + 28 + -8 + -31
-17
Calculate -6 + (-4 - -11 - 10) + -1 + 0.
-10
1 - (-6 - 0 - (-29 + 11 - -17))
6
0 + -6 - (2 + 1 + 0)
-9
Calculate 20 + (7 - 23 - 33) - (4 + -1).
-32
Calculate -80 - -74 - ((-16 - (8 - 5)) + 2).
11
Calculate -13 - (-1 + 16 - 20).
-8
Evaluate 3 + 1 + (-126 - -126).
4
(-17 - 21) + (46 - 35)
-27
What is (-12 - -3) + 4 - (-1 + 2 - 2)?
-4
What is -3 - (-2 + 1) - (-109 - -101)?
6
-9 - (10 - 11 - -8 - 25) - 5
4
Calculate (30 - -5) + -22 - 17.
-4
What is -2 - (-1 - (2 - 3)) - (-17 - -14)?
1
(55 - -3) + (-213 - -183)
28
0 + 1 + -1 + 19 + (615 - 617)
17
Calculate -80 + 66 + -35 + 1 + 17.
-31
What is the value of (2 - -14) + -22 + 8?
2
Calculate -31 - -48 - (10 + 2) - 10.
-5
Evaluate (-10 + (12 - (4 + -1)) - 8) + 19.
10
Calculate (-10 - -5 - 4) + -1 + 7.
-3
Calculate -28 + (3 - -2) - (59 - 57).
-25
Evaluate -13 + 7 + -1 + 3 - -1.
-3
What is (-15 - 18) + 1 + 24?
-8
Calculate -21 - (-4 + (-1 - 1) + 1 - -5).
-21
(13 - 3) + -7 + -13 + 5
-5
Evaluate (7 - (0 + -1)) + -2 - 7.
-1
28 - ((-25 - -17) + 32)
4
What is 40 - (38 - (-29 + 55))?
28
What is the value of -7 - (-1 + (4 - 7))?
-3
Calculate 17 - (-10 - -32) - -1.
-4
Calculate 36 + -17 + 0 + (-7 - 3).
9
What is -18 - (-94 + 109 - (-1 - 1))?
-35
What is 3 - ((0 - (-1 - -14)) + 6 + -1)?
11
Calculate 15 + 3 + -13 + (2 + -6 - 1).
0
What is -19 - -1 - (-6 + -2 - (9 + -11))?
-12
Evaluate -3 + -1 + 117 + -138.
-25
Calculate -88 + 102 - (-1 - 27) - 16.
26
0 + 13 + -3 - (17 - -3)
-10
What is the value of -1 + 21 + (163 - 178)?
5
31 - (-6 + 22) - 6
9
What is 13 + (4 - -19 - 19)?
17
(-33 + 7 - -11) + 21
6
What is the value of -11 + (1 - ((11 - 38) + -1))?
18
Calculate 19 + 23 + 17 + -34.
25
Calculate -1570 + 1579 - ((0 - 0) + 1).
8
Calculate 6 + -7 + -3 + 0 + 6 - 13.
-11
Calculate -4 + (2 - -19) + 1 + -8.
10
-18 - 19 - -85 - 10
38
What is the value of (-13 - (-1 - -15)) + 6 + -1?
-22
What is 7 + -22 + (-8 - -15)?
-8
-3 - (-1 - 0 - (-205 - -205))
-2
What is the value of (-1 - 1 - 0) + (1 - 9)?
-10
-6 - (-20 - -4 - (11 + -24))
-3
Evaluate 23 + -62 + 15 + 45.
21
What is the value of -24 + 15 + -16 + 9 - (33 + -34)?
-15
What is -11 - -19 - (1 + 8)?
-1
Evaluate (42 - 108) + 37 - (-2 + -4).
-23
10 - (0 - (-4 + 10 + -4) - 11)
23
What is 139 + -138 - (0 + (1 - -1) + -10)?
9
Calculate -44 + (-35 + 43 - -18).
-18
Evaluate 3 + 15 + (27 - 47).
-2
Calculate (15 - (17 - 0)) + 11 + -1.
8
Calculate -1 + 3 + -22 - (-9 - 1) - -42.
32
Evaluate (2 - -16) + -3 + (7 + 2 - 15).
9
Evaluate 254 + -239 - (5 + (2 - (-1 - -2))).
9
Evaluate (-9 - (-20 + 29)) + -7.
-25
Evaluate 305 - 308 - (3 - -1).
-7
0 + 1 + -4 + (14 - 5) + -15
-9
-33 + (56 - 28) + 13
8
Evaluate (-6 - -7) + (-1 + 0 - (-42 - -24)).
18
What is the value of (-1 - -15) + (-10 - (1 - 10)) - 3?
10
What is the value of (0 + -1 + 1 - 2) + -2303 + 2308?
3
Evaluate 5 - ((5 - (7 - (4 - -5))) + 1).
-3
What is the value of (-2 - 13) + (4 - (4 + -6))?
-9
Evaluate 4 + 2 - ((11 - -11) + -8 - 8).
0
-23 - 1 - (2 + -31)
5
Evaluate -4 + 11 + -9 - (-3 - -2 - -2).
-3
Evaluate 7 + -7 - (-2 + 10) - (2 + 8).
-18
Evaluate 18 - (-3 - (-3 + -5 + 3)) - -2.
18
What is (2 - 17) + 18 + 21?
24
What is the value of -7 + -4 - -1 - (0 + -37 + 7)?
20
What is -39 + 20 + 11 + -14 - 6?
-28
Evaluate -15 - (-12 + -4) - -8.
9
What is the value of -15 - (1 - 8) - -3?
-5
Evaluate (15 - (15 - 6)) + (-9 - 0) - -1.
-2
-1004 + 1017 + (1 - (0 + -8))
22
What is the value of 2 - 8 - (57 + -52)?
-11
Calculate 9 + -1 + (-13 - -26 - 10 - 7).
4
Calculate 13 + (-38 - 18 - -24).
-19
What is 8 - ((39 - 1) + -29)?
-1
Evaluate -12 + -7 + -10 + 13.
-16
What is -2 + (-206 + 211 - (6 + -1 + 0))?
-2
Wha